{"id":6,"date":"2025-04-22T19:02:15","date_gmt":"2025-04-22T19:02:15","guid":{"rendered":"https:\/\/azevedovieira.com.br\/?page_id=6"},"modified":"2026-03-02T13:57:52","modified_gmt":"2026-03-02T13:57:52","slug":"home","status":"publish","type":"page","link":"https:\/\/azevedovieira.com.br\/","title":{"rendered":"Home"},"content":{"rendered":"\t\t<div data-elementor-type=\"wp-page\" data-elementor-id=\"6\" class=\"elementor elementor-6\" data-elementor-post-type=\"page\">\n\t\t\t\t<div class=\"elementor-element elementor-element-e748108 e-con-full e-flex e-con e-parent\" data-id=\"e748108\" data-element_type=\"container\" data-settings=\"{&quot;background_background&quot;:&quot;video&quot;,&quot;background_video_link&quot;:&quot;https:\\\/\\\/www.youtube.com\\\/embed\\\/owKZ0-LLOCc?rel=0&amp;autoplay=1&amp;controls=0&amp;showinfo=0&amp;modestbranding=1&amp;iv_load_policy:=3&amp;mute=1&amp;start=0&amp;enablejsapi=1&amp;widget_referrer=https:\\\/\\\/www.azevedovieira.com.br\\\/&amp;origin=https:\\\/\\\/www.azevedovieira.com.br&amp;loop=1&amp;playlist=owKZ0-LLOCc&amp;background=1#t=0&quot;,&quot;background_play_on_mobile&quot;:&quot;yes&quot;}\">\n\t\t<div class=\"elementor-background-video-container\">\n\t\t\t\t\t\t\t<div class=\"elementor-background-video-embed\"><\/div>\n\t\t\t\t\t\t<\/div>\t\t<div class=\"elementor-element elementor-element-fa1665e elementor-widget elementor-widget-heading\" data-id=\"fa1665e\" data-element_type=\"widget\" data-widget_type=\"heading.default\">\n\t\t\t\t<div class=\"elementor-widget-container\">\n\t\t\t\t\t<h2 class=\"elementor-heading-title elementor-size-default\">Azevedo  <wbr>&  Vieira<\/h2>\t\t\t\t<\/div>\n\t\t\t\t<\/div>\n\t\t\t\t<\/div>\n\t\t<div class=\"elementor-element elementor-element-3d76686 e-con-full e-flex e-con e-parent\" data-id=\"3d76686\" data-element_type=\"container\">\n\t\t\t\t<div class=\"elementor-element elementor-element-a055f05 elementor-widget__width-inherit elementor-widget elementor-widget-html\" data-id=\"a055f05\" data-element_type=\"widget\" data-widget_type=\"html.default\">\n\t\t\t\t<div class=\"elementor-widget-container\">\n\t\t\t\t\t<!DOCTYPE html>\n<html lang=\"pt-BR\">\n<head>\n    <meta charset=\"UTF-8\">\n    <meta name=\"viewport\" content=\"width=device-width, initial-scale=1.0\">\n    <title>Servi\u00e7os Jur\u00eddicos<\/title>\n    <style>\n        body {\n            font-family: Arial, sans-serif;\n            background-color: #f9f9f9;\n            margin: 5;\n            padding: 20px;\n        }\n        .mt-container {\n            display: grid;\n            grid-template-columns: repeat(3, 1fr);\n            gap: 30px;\n            max-width: 900px;\n            margin: auto;\n        }\n        .mt-item {\n            display: flex;\n            flex-direction: column;\n            background: #fff;\n            padding: 15px;\n            border-radius: 8px;\n            box-shadow: 0 2px 4px rgba(0,0,0,0.1);\n        }\n        .top-container {\n            display: flex;\n            align-items: center;\n            margin-bottom: 10px;\n        }\n        .b-img {\n            width: 50px;\n            height: 50px;\n            flex-shrink: 0;\n            margin-right: 10px;\n        }\n        .b-img embed {\n            width: 100%;\n            height: 100%;\n        }\n        .b-text h3 {\n            font-size: 15px;\n            color: #333;\n            margin: 0;\n        }\n        .bottom-container {\n            flex-grow: 1;\n        }\n        .bottom-container p {\n            font-size: 14px;\n            color: #666;\n            margin: 0;\n        }\n        @media (max-width: 768px) {\n            .mt-container {\n                grid-template-columns: repeat(2, 1fr);\n            }\n        }\n        @media (max-width: 500px) {\n            .mt-container {\n                grid-template-columns: 1fr;\n            }\n        }\n    <\/style>\n<\/head>\n<body>\n    <div class=\"mt-container\">\n        <div class=\"mt-item\">\n            <div class=\"top-container\">\n                <div class=\"b-img\">\n                    <embed src=\"https:\/\/duyn491kcolsw.cloudfront.net\/files\/0x\/0xw\/0xwoug.svg\">\n                <\/div>\n                <h3><strong>DIREITO TRIBUT\u00c1RIO<\/strong><\/h3>\n            <\/div>\n            <div class=\"bottom-container\">\n                <p>Gest\u00e3o Fiscal completa para a institui\u00e7\u00e3o e seus s\u00f3cios administradores. Foco na correta tomada de decis\u00f5es para se equacionar poss\u00edveis d\u00edvidas, elabora\u00e7\u00e3o de economia em tributos e adequa\u00e7\u00f5es ao cen\u00e1rio da tributa\u00e7\u00e3o nacional.<\/p>\n            <\/div>\n        <\/div>\n\n        <div class=\"mt-item\">\n            <div class=\"top-container\">\n                <div class=\"b-img\">\n                    <embed src=\"https:\/\/duyn491kcolsw.cloudfront.net\/files\/1c\/1ca\/1cajtz.svg\">\n                <\/div>\n                <h3><strong>DIREITO TRABALHISTA<\/strong><\/h3>\n            <\/div>\n            <div class=\"bottom-container\">\n                <p>Preven\u00e7\u00e3o \u00e9 a tem\u00e1tica m\u00e1xima quando abordamos as rela\u00e7\u00f5es de trabalho. Foco na assessoria e auditoria trabalhista para uma melhor adequa\u00e7\u00e3o das rela\u00e7\u00f5es entre a institui\u00e7\u00e3o empresarial e seus colaboradores, com a redu\u00e7\u00e3o de riscos e demandas desfavor\u00e1veis.<\/p>\n            <\/div>\n        <\/div>\n\n        <div class=\"mt-item\">\n            <div class=\"top-container\">\n                <div class=\"b-img\">\n                    <embed src=\"https:\/\/duyn491kcolsw.cloudfront.net\/files\/2r\/2rn\/2rnqr9.svg\">\n                <\/div>\n                <h3><strong>DIREITO EMPRESARIAL<\/strong><\/h3>\n            <\/div>\n            <div class=\"bottom-container\">\n                <p>Acompanhamento di\u00e1rio de todas as rela\u00e7\u00f5es internas e externas de uma empresa. Foco no atual cen\u00e1rio das rela\u00e7\u00f5es e estruturas empresariais, dando devida import\u00e2ncia ao acompanhamento de qualquer tratativa comercial gerida pela empresa.<\/p>\n            <\/div>\n        <\/div>\n\n        <div class=\"mt-item\">\n            <div class=\"top-container\">\n                <div class=\"b-img\">\n                    <embed src=\"https:\/\/duyn491kcolsw.cloudfront.net\/files\/0r\/0ru\/0ru7eq.svg\">\n                <\/div>\n                <h3><strong>ASSESSORIA C\u00cdVEL - CONTRATOS E RELA\u00c7\u00d5ES DE CONSUMO<\/strong><\/h3>\n            <\/div>\n            <div class=\"bottom-container\">\n                <p>Consultoria rotineira e orienta\u00e7\u00f5es nas rela\u00e7\u00f5es contratuais diversas, com Pessoas Jur\u00eddicas e Pessoas F\u00edsicas. Foco na confec\u00e7\u00e3o de contratos diversos e pareceres espec\u00edficos.  \n                Orienta\u00e7\u00f5es jur\u00eddicas para setores comerciais da empresa, onde se busca evitar demandas judiciais e lit\u00edgios extrajudiciais.<\/p>\n            <\/div>\n        <\/div>\n\n        <div class=\"mt-item\">\n            <div class=\"top-container\">\n                <div class=\"b-img\">\n                    <embed src=\"https:\/\/duyn491kcolsw.cloudfront.net\/files\/27\/27v\/27v0vt.svg\">\n                <\/div>\n                <h3><strong>RISCOS E VIABILIDADE DE NEG\u00d3CIOS JUR\u00cdDICOS<\/strong><\/h3>\n            <\/div>\n            <div class=\"bottom-container\">\n                <p>An\u00e1lise e estrat\u00e9gia jur\u00eddica ligadas a todos os aspectos legais de poss\u00edveis opera\u00e7\u00f5es realizadas pelas empresas e seus administradores.  \n                Foco na legaliza\u00e7\u00e3o de cada processo vivido pela empresa, buscando evitar riscos que possam trazer preju\u00edzos financeiros ou estruturais.<\/p>\n            <\/div>\n        <\/div>\n\n        <div class=\"mt-item\">\n            <div class=\"top-container\">\n                <div class=\"b-img\">\n                    <embed src=\"https:\/\/duyn491kcolsw.cloudfront.net\/files\/08\/08m\/08mrwj.svg\">\n                <\/div>\n                <h3><strong>DEMANDAS JUDICIAIS DE NECESSIDADE DO CLIENTE<\/strong><\/h3>\n            <\/div>\n            <div class=\"bottom-container\">\n                <p>Disponibilidade em fornecer qualquer acompanhamento judicial ligado \u00e0 gest\u00e3o jur\u00eddica da empresa.  \n                No atual dinamismo do mercado, diferentes demandas podem surgir, portanto, h\u00e1 uma prepara\u00e7\u00e3o di\u00e1ria de nossos profissionais para nos adequarmos \u00e0 necessidade do cliente.<\/p>\n            <\/div>\n        <\/div>\n    <\/div>\n<\/body>\n<\/html>\t\t\t\t<\/div>\n\t\t\t\t<\/div>\n\t\t\t\t<\/div>\n\t\t<div class=\"elementor-element elementor-element-0fb1ad4 e-con-full e-flex e-con e-parent\" data-id=\"0fb1ad4\" data-element_type=\"container\" data-settings=\"{&quot;background_background&quot;:&quot;classic&quot;}\">\n\t\t\t\t<div class=\"elementor-element elementor-element-14b1b6c elementor-widget__width-initial elementor-widget-mobile__width-initial elementor-widget elementor-widget-heading\" data-id=\"14b1b6c\" data-element_type=\"widget\" data-widget_type=\"heading.default\">\n\t\t\t\t<div class=\"elementor-widget-container\">\n\t\t\t\t\t<h2 class=\"elementor-heading-title elementor-size-default\">Para as demais \u00e1reas do direito consultivo e contencioso, entre em contato com um dos nossos consultores atrav\u00e9s dos canais de comunica\u00e7\u00e3o<\/h2>\t\t\t\t<\/div>\n\t\t\t\t<\/div>\n\t\t\t\t<div class=\"elementor-element elementor-element-68d8a52 elementor-align-center elementor-widget elementor-widget-button\" data-id=\"68d8a52\" data-element_type=\"widget\" data-widget_type=\"button.default\">\n\t\t\t\t<div class=\"elementor-widget-container\">\n\t\t\t\t\t\t\t\t\t<div class=\"elementor-button-wrapper\">\n\t\t\t\t\t<a class=\"elementor-button elementor-button-link elementor-size-sm\" href=\"https:\/\/azevedovieira.com.br\/?page_id=90\">\n\t\t\t\t\t\t<span class=\"elementor-button-content-wrapper\">\n\t\t\t\t\t\t\t\t\t<span class=\"elementor-button-text\">Sede \/ Contato<\/span>\n\t\t\t\t\t<\/span>\n\t\t\t\t\t<\/a>\n\t\t\t\t<\/div>\n\t\t\t\t\t\t\t\t<\/div>\n\t\t\t\t<\/div>\n\t\t\t\t<\/div>\n\t\t\t\t<\/div>\n\t\t","protected":false},"excerpt":{"rendered":"<p>Azevedo &#038; Vieira Servi\u00e7os Jur\u00eddicos DIREITO TRIBUT\u00c1RIO Gest\u00e3o Fiscal completa para a institui\u00e7\u00e3o e seus s\u00f3cios administradores. Foco na correta tomada de decis\u00f5es para se equacionar poss\u00edveis d\u00edvidas, elabora\u00e7\u00e3o de economia em tributos e adequa\u00e7\u00f5es ao cen\u00e1rio da tributa\u00e7\u00e3o nacional. DIREITO TRABALHISTA Preven\u00e7\u00e3o \u00e9 a tem\u00e1tica m\u00e1xima quando abordamos as rela\u00e7\u00f5es de trabalho. Foco na [&hellip;]<\/p>\n","protected":false},"author":1,"featured_media":0,"parent":0,"menu_order":0,"comment_status":"closed","ping_status":"closed","template":"elementor_header_footer","meta":{"footnotes":""},"class_list":["post-6","page","type-page","status-publish","hentry"],"_links":{"self":[{"href":"https:\/\/azevedovieira.com.br\/index.php?rest_route=\/wp\/v2\/pages\/6","targetHints":{"allow":["GET"]}}],"collection":[{"href":"https:\/\/azevedovieira.com.br\/index.php?rest_route=\/wp\/v2\/pages"}],"about":[{"href":"https:\/\/azevedovieira.com.br\/index.php?rest_route=\/wp\/v2\/types\/page"}],"author":[{"embeddable":true,"href":"https:\/\/azevedovieira.com.br\/index.php?rest_route=\/wp\/v2\/users\/1"}],"replies":[{"embeddable":true,"href":"https:\/\/azevedovieira.com.br\/index.php?rest_route=%2Fwp%2Fv2%2Fcomments&post=6"}],"version-history":[{"count":5,"href":"https:\/\/azevedovieira.com.br\/index.php?rest_route=\/wp\/v2\/pages\/6\/revisions"}],"predecessor-version":[{"id":245,"href":"https:\/\/azevedovieira.com.br\/index.php?rest_route=\/wp\/v2\/pages\/6\/revisions\/245"}],"wp:attachment":[{"href":"https:\/\/azevedovieira.com.br\/index.php?rest_route=%2Fwp%2Fv2%2Fmedia&parent=6"}],"curies":[{"name":"wp","href":"https:\/\/api.w.org\/{rel}","templated":true}]}}

<div data-elementor-type="wp-page" data-elementor-id="6" class="elementor elementor-6" data-elementor-post-type="page">
				<div class="elementor-element elementor-element-e748108 e-con-full e-flex e-con e-parent" data-id="e748108" data-element_type="container" data-settings="{&quot;background_background&quot;:&quot;video&quot;,&quot;background_video_link&quot;:&quot;https:\/\/www.youtube.com\/embed\/owKZ0-LLOCc?rel=0&amp;autoplay=1&amp;controls=0&amp;showinfo=0&amp;modestbranding=1&amp;iv_load_policy:=3&amp;mute=1&amp;start=0&amp;enablejsapi=1&amp;widget_referrer=https:\/\/www.azevedovieira.com.br\/&amp;origin=https:\/\/www.azevedovieira.com.br&amp;loop=1&amp;playlist=owKZ0-LLOCc&amp;background=1#t=0&quot;,&quot;background_play_on_mobile&quot;:&quot;yes&quot;}">
		<div class="elementor-background-video-container">
							<div class="elementor-background-video-embed"></div>
						</div>		<div class="elementor-element elementor-element-fa1665e elementor-widget elementor-widget-heading" data-id="fa1665e" data-element_type="widget" data-widget_type="heading.default">
				<div class="elementor-widget-container">
					<h2 class="elementor-heading-title elementor-size-default">Azevedo  <wbr>&  Vieira</h2>				</div>
				</div>
				</div>
		<div class="elementor-element elementor-element-3d76686 e-con-full e-flex e-con e-parent" data-id="3d76686" data-element_type="container">
				<div class="elementor-element elementor-element-a055f05 elementor-widget__width-inherit elementor-widget elementor-widget-html" data-id="a055f05" data-element_type="widget" data-widget_type="html.default">
				<div class="elementor-widget-container">
					<!DOCTYPE html>
<html lang="pt-BR">
<head>
    <meta charset="UTF-8">
    <meta name="viewport" content="width=device-width, initial-scale=1.0">
    <title>Serviços Jurídicos</title>
    <style>
        body {
            font-family: Arial, sans-serif;
            background-color: #f9f9f9;
            margin: 5;
            padding: 20px;
        }
        .mt-container {
            display: grid;
            grid-template-columns: repeat(3, 1fr);
            gap: 30px;
            max-width: 900px;
            margin: auto;
        }
        .mt-item {
            display: flex;
            flex-direction: column;
            background: #fff;
            padding: 15px;
            border-radius: 8px;
            box-shadow: 0 2px 4px rgba(0,0,0,0.1);
        }
        .top-container {
            display: flex;
            align-items: center;
            margin-bottom: 10px;
        }
        .b-img {
            width: 50px;
            height: 50px;
            flex-shrink: 0;
            margin-right: 10px;
        }
        .b-img embed {
            width: 100%;
            height: 100%;
        }
        .b-text h3 {
            font-size: 15px;
            color: #333;
            margin: 0;
        }
        .bottom-container {
            flex-grow: 1;
        }
        .bottom-container p {
            font-size: 14px;
            color: #666;
            margin: 0;
        }
        @media (max-width: 768px) {
            .mt-container {
                grid-template-columns: repeat(2, 1fr);
            }
        }
        @media (max-width: 500px) {
            .mt-container {
                grid-template-columns: 1fr;
            }
        }
    </style>
</head>
<body>
    <div class="mt-container">
        <div class="mt-item">
            <div class="top-container">
                <div class="b-img">
                    <embed src="https://duyn491kcolsw.cloudfront.net/files/0x/0xw/0xwoug.svg">
                </div>
                <h3><strong>DIREITO TRIBUTÁRIO</strong></h3>
            </div>
            <div class="bottom-container">
                <p>Gestão Fiscal completa para a instituição e seus sócios administradores. Foco na correta tomada de decisões para se equacionar possíveis dívidas, elaboração de economia em tributos e adequações ao cenário da tributação nacional.</p>
            </div>
        </div>

        <div class="mt-item">
            <div class="top-container">
                <div class="b-img">
                    <embed src="https://duyn491kcolsw.cloudfront.net/files/1c/1ca/1cajtz.svg">
                </div>
                <h3><strong>DIREITO TRABALHISTA</strong></h3>
            </div>
            <div class="bottom-container">
                <p>Prevenção é a temática máxima quando abordamos as relações de trabalho. Foco na assessoria e auditoria trabalhista para uma melhor adequação das relações entre a instituição empresarial e seus colaboradores, com a redução de riscos e demandas desfavoráveis.</p>
            </div>
        </div>

        <div class="mt-item">
            <div class="top-container">
                <div class="b-img">
                    <embed src="https://duyn491kcolsw.cloudfront.net/files/2r/2rn/2rnqr9.svg">
                </div>
                <h3><strong>DIREITO EMPRESARIAL</strong></h3>
            </div>
            <div class="bottom-container">
                <p>Acompanhamento diário de todas as relações internas e externas de uma empresa. Foco no atual cenário das relações e estruturas empresariais, dando devida importância ao acompanhamento de qualquer tratativa comercial gerida pela empresa.</p>
            </div>
        </div>

        <div class="mt-item">
            <div class="top-container">
                <div class="b-img">
                    <embed src="https://duyn491kcolsw.cloudfront.net/files/0r/0ru/0ru7eq.svg">
                </div>
                <h3><strong>ASSESSORIA CÍVEL - CONTRATOS E RELAÇÕES DE CONSUMO</strong></h3>
            </div>
            <div class="bottom-container">
                <p>Consultoria rotineira e orientações nas relações contratuais diversas, com Pessoas Jurídicas e Pessoas Físicas. Foco na confecção de contratos diversos e pareceres específicos.  
                Orientações jurídicas para setores comerciais da empresa, onde se busca evitar demandas judiciais e litígios extrajudiciais.</p>
            </div>
        </div>

        <div class="mt-item">
            <div class="top-container">
                <div class="b-img">
                    <embed src="https://duyn491kcolsw.cloudfront.net/files/27/27v/27v0vt.svg">
                </div>
                <h3><strong>RISCOS E VIABILIDADE DE NEGÓCIOS JURÍDICOS</strong></h3>
            </div>
            <div class="bottom-container">
                <p>Análise e estratégia jurídica ligadas a todos os aspectos legais de possíveis operações realizadas pelas empresas e seus administradores.  
                Foco na legalização de cada processo vivido pela empresa, buscando evitar riscos que possam trazer prejuízos financeiros ou estruturais.</p>
            </div>
        </div>

        <div class="mt-item">
            <div class="top-container">
                <div class="b-img">
                    <embed src="https://duyn491kcolsw.cloudfront.net/files/08/08m/08mrwj.svg">
                </div>
                <h3><strong>DEMANDAS JUDICIAIS DE NECESSIDADE DO CLIENTE</strong></h3>
            </div>
            <div class="bottom-container">
                <p>Disponibilidade em fornecer qualquer acompanhamento judicial ligado à gestão jurídica da empresa.  
                No atual dinamismo do mercado, diferentes demandas podem surgir, portanto, há uma preparação diária de nossos profissionais para nos adequarmos à necessidade do cliente.</p>
            </div>
        </div>
    </div>
</body>
</html>				</div>
				</div>
				</div>
		<div class="elementor-element elementor-element-0fb1ad4 e-con-full e-flex e-con e-parent" data-id="0fb1ad4" data-element_type="container" data-settings="{&quot;background_background&quot;:&quot;classic&quot;}">
				<div class="elementor-element elementor-element-14b1b6c elementor-widget__width-initial elementor-widget-mobile__width-initial elementor-widget elementor-widget-heading" data-id="14b1b6c" data-element_type="widget" data-widget_type="heading.default">
				<div class="elementor-widget-container">
					<h2 class="elementor-heading-title elementor-size-default">Para as demais áreas do direito consultivo e contencioso, entre em contato com um dos nossos consultores através dos canais de comunicação</h2>				</div>
				</div>
				<div class="elementor-element elementor-element-68d8a52 elementor-align-center elementor-widget elementor-widget-button" data-id="68d8a52" data-element_type="widget" data-widget_type="button.default">
				<div class="elementor-widget-container">
									<div class="elementor-button-wrapper">
					<a class="elementor-button elementor-button-link elementor-size-sm" href="https://azevedovieira.com.br/?page_id=90">
						<span class="elementor-button-content-wrapper">
									<span class="elementor-button-text">Sede / Contato</span>
					</span>
					</a>
				</div>
								</div>
				</div>
				</div>
				</div>

<p>Azevedo &#038; Vieira Serviços Jurídicos DIREITO TRIBUTÁRIO Gestão Fiscal completa para a instituição e seus sócios administradores. Foco na correta tomada de decisões para se equacionar possíveis dívidas, elaboração de economia em tributos e adequações ao cenário da tributação nacional. DIREITO TRABALHISTA Prevenção é a temática máxima quando abordamos as relações de trabalho. Foco na [&hellip;]</p>
